pose 3*v + d + 13 = 3*n, n - 2*v - 6 = 0. What is the units digit of n?
6
Suppose 27 = -2*a + 5*a. What is the units digit of a?
9
Suppose -5*x + 9*x - 196 = 0. What is the tens digit of x?
4
Let n(g) = 4*g. Let z be n(5). Suppose z + 13 = v. What is the tens digit of v?
3
Suppose 0 = -9*c + 3*c + 222. What is the units digit of c?
7
Let k(o) = -o**3 + 6*o**2 + 6*o + 5. Let w be k(7). Let n be (-2)/(w - (-84)/39). Let h = n - -20. What is the units digit of h?
7
Suppose 7*v = 3*v + 8. Let h be (-2)/(-8) + (-15)/(-4). Suppose b + v*d - h = 0, 0 = 4*b + 2*d - 0*d - 22. What is the units digit of b?
6
Suppose 2*s - 110 = -s + 2*f, 5*f + 66 = 2*s. What is the tens digit of s?
3
Let t(j) = -j**2 + 2*j. Let f be t(3). Suppose 0 = 3*g + 7 + 8, -2*l + 15 = -g. Let c = l + f. What is the units digit of c?
2
Let m(x) = -x**3 + x**2 - 39. Let g be m(0). What is the units digit of 100/26 - 6/g?
4
Suppose -5*v = -43 - 57. What is the units digit of v?
0
Let h(d) = 0 - d + 3 + 0*d**2 - d**3 + 5*d**2 + 2*d**2. Let n be h(7). What is the tens digit of ((-13)/3)/(n/12)?
1
Let y(x) = -x**2 + 4*x - 2. Let i be y(4). What is the units digit of -3*6*i/4?
9
Let k = -21 + 78. What is the units digit of k?
7
Let x be ((-6)/4)/(3/(-4)). Suppose 23 = x*p + 5*v + 54, -6 = -3*p + 3*v. Let s = 10 + p. What is the units digit of s?
7
Suppose -2*i + 62 = -4*i. Let x = 15 - i. What is the units digit of x?
6
Let i(u) = -9*u. Let l be -4*-2*3/12. Suppose -2 - l = 4*d. What is the units digit of i(d)?
9
Let c = 12 - 9. Suppose 0 = i - c*i + 22. What is the units digit of i?
1
Let c(a) = a**2 - a + 1. Let q be c(1). Let y(t) = 4*t + 1. Let v be y(q). Suppose 4*d - 35 = v. What is the tens digit of d?
1
Let q be (-2)/(-5) - (-386)/10. Suppose c + 10 = 5*x + q, -3*c = -4*x - 32. Suppose -3*p = -4*y + 23, 4*y - c*p - 14 = 2*y. What is the units digit of y?
5
Suppose 0*a - 3*a = 9, -2*a + 10 = 4*j. Suppose 0 = c + 3, 4*c + 14 = -z - 1. Let m = z + j. What is the units digit of m?
1
Suppose 5*x - 4*x = 1. Let p = -1 + x. Suppose 4*w - 4 - 4 = p. What is the units digit of w?
2
Let u = -111 - -170. What is the tens digit of u?
5
Let t(a) = 3*a - 6. Let s = 0 + -2. Let j(i) = -4*i + 7. Let y(b) = s*j(b) - 3*t(b). What is the units digit of y(-5)?
9
Suppose -5*f = -82 + 7. Suppose 5*s = o + 4*o + 5, -s - f = 3*o. Let c = o - -18. What is the units digit of c?
4
Let b(z) be the second derivative of 3/2*z**2 - 1/6*z**3 + 0 - 3*z. What is the tens digit of b(-9)?
1
Let q(o) be the third derivative of -o**2 + 0 - 1/3*o**3 - 1/60*o**5 + 0*o - 5/24*o**4. What is the units digit of q(-3)?
4
Let i = -76 - -187. What is the units digit of i?
1
Let z(x) = -x**2 + 7*x + 3. Let m be z(7). Suppose -6*u = -m*u - 15. What is the units digit of u?
5
Let j be (0/(-1) - -1) + 17. Suppose 2*b - j = -b. Let u = b + 2. What is the units digit of u?
8
What is the units digit of 5/(-4)*-102 - (-2)/(-4)?
7
Let h be 1/(-4) + (-68)/(-16). Let v be 2/((-6)/9)*1. Let c = h + v. What is the units digit of c?
1
Let l = 5 - 5. Suppose l + 1 = h. What is the units digit of h?
1
Suppose -4*n - 8 + 4 = 0. What is the units digit of 2/((-6)/3)*n?
1
Suppose 0 = k - 99 - 34. What is the hundreds digit of k?
1
Suppose -3*b + 6 = -0. What is the units digit of b?
2
Suppose -2*r = -4 - 0. Let p = r + 2. Suppose p*o + 5*c - 19 = 3*o, -c = -2. What is the units digit of o?
9
Suppose 3*y - 2 = -14. Let w(z) = z**2 + 3*z - 5. Let r be w(y). What is the units digit of 3 - 10/2*r?
8
Suppose 0 = 5*g - 5*n + 15, 5*g + 4 = -n + 19. Suppose -s - 3 = -g*s. What is the units digit of (-32)/(-6)*s/2?
8
Suppose -x = 2*x + 2*h - 519, -15 = -5*h. What is the units digit of x?
1
Let j(i) = -18*i + 17. What is the hundreds digit of j(-13)?
2
Suppose 0*p = 3*p - 27. Let u be (-20)/(-12) - (-3)/p. Suppose h - 42 = -u*h. What is the units digit of h?
4
Let i(v) = v**2 + 8*v + 9. Let g be i(-7). Let b(r) = 5*r**2 - 2*r + 2. What is the units digit of b(g)?
8
Let l be 3 + 2/2 + -1. Suppose 2*q + 1 + 1 = -3*h, 0 = -3*q + 5*h + 35. Suppose z - l = -2*z + 4*k, -z - q*k = -1. What is the units digit of z?
1
What is the tens digit of 3 + 55 - (5 - 2)?
5
Let o(f) = f**3 - 4*f**2 + 4. Let b = -9 - -11. Let y be (-1 - b) + 6 + 1. What is the units digit of o(y)?
4
Let o(n) = -2*n + 56. What is the tens digit of o(0)?
5
Suppose h - 189 = -2*h. What is the tens digit of h?
6
Suppose 3*k - 5 = 16. What is the units digit of k?
7
Let m be 4/((-12)/45) + -3. Let d be (-1)/(-1*(-3)/m). Suppose -3*r - 45 = -d*r. What is the tens digit of r?
1
Let s be (-2 - -4 - 17) + 1. Let n be 4 + -2 - (13 + -1). Let m = n - s. What is the units digit of m?
4
Suppose 2*m = 3*o + 37, 55 = 5*m - o + 6*o. What is the tens digit of m?
1
Let q = 102 + -26. Suppose 4*a = -g + q, 2*a = -4*g - g + 290. Suppose -g = -0*h - 4*h. What is the units digit of h?
4
Suppose -4*s + 4*g + 8 = 0, -s - 5*g - 2 = -2*s. Suppose -20 = -4*q, 2*v - 3 = s*q - 9. What is the units digit of v?
2
Suppose -g + 88 = 3*k, -352 = -8*g + 4*g + k. Suppose -2*m - 3*i + 154 = 2*m, -4*i = -2*m + g. What is the tens digit of m?
4
Suppose -2*v = 3*p - 295, -v + 22 = -p + 122. What is the tens digit of p?
9
Suppose -4*x - 15 = -7*x. Let u = 7 - x. What is the units digit of u?
2
Suppose 2*m = 3*u - 3, u - 2*m + 3*m = 1. Let j(v) = 5*v**2 + 5. Let i(s) = s**2 + s + 1. Let t(f) = u*j(f) - 4*i(f). What is the units digit of t(4)?
1
Suppose -v - 2*v - 2 = -2*p, -4*p + 4 = -5*v. Let c(g) = 17*g**2 - 1. Let o be c(p). Suppose 2*j = o - 2. What is the units digit of j?
7
Let g be (2 - 60)/(-3 - -4). Let a = g - -87. What is the units digit of a?
9
Let b = -103 + 151. What is the tens digit of b?
4
Suppose 3*g = -15 + 168. What is the units digit of g?
1
Let p = -32 + 53. What is the tens digit of p?
2
Suppose -o - 5 = 4*d - 20, -4*o - 20 = -4*d. Suppose -15 = r - d*r. Suppose 2*q - 3*b - 32 = 0, -3*q + q = r*b. What is the units digit of q?
0
Let x be 4/(-2)*803/(-22). Suppose 3*w = 4*s + x, 3*s - 21 = -w - 1. What is the tens digit of w?
2
Let i(d) = d**3 + 4*d**2 + 4*d + 2. Let t(k) = -k**3 - 5*k**2 - 5*k - 2. Let b(u) = -2*i(u) - 3*t(u). What is the tens digit of b(-5)?
1
Let h(a) = -2*a + 2. Let s be h(0). Let i(l) = 9*l**2 + l - 2. What is the units digit of i(s)?
6
What is the tens digit of -8 + 4 + 3 + 50?
4
Suppose b + 3*b - 36 = 0. Let d be (-5 - -1) + 2 + -2. Let u = d + b. What is the units digit of u?
5
Let v = 0 - -5. Suppose 6*a + l - 54 = 3*a, -5*l = v*a - 100. What is the tens digit of a?
1
Let l(r) = 3*r**3 - 2*r**3 - 2*r**2 + 15 + 2*r**2. What is the units digit of l(0)?
5
Let m = 18 + -13. Suppose 4*z = 4*k + 28, -z + 5*k = -2*z - 23. Suppose m*f = 3 + z. What is the units digit of f?
1
Let a = -2 + 2. Suppose 3*o = -a*o + 45. Let g = o - 4. What is the tens digit of g?
1
Let m = 14 + -38. Let f = m - -40. What is the tens digit of f?
1
Let o(d) = -d**3 + 10*d**2 + 12*d - 9. Let a = -7 + 6. Let u be (a/3)/((-5)/165). What is the units digit of o(u)?
2
Let f = 13 - 7. What is the units digit of f?
6
Let q be 2/(-3) - (-411)/9. Suppose 11 - q = -2*r. What is the units digit of r?
7
Let v(r) = r**2 - r + 3. Let f(t) = 2*t + 2. Let s be f(-3). What is the tens digit of v(s)?
2
Let y = -22 + 21. Let f be -1*(-1)/(1 + 0). Let t = f - y. What is the units digit of t?
2
Let q be -11 + (1 + 0)*2. Let o = q - -20. What is the tens digit of o?
1
Suppose 0*j - 40 = -5*j. What is the units digit of (-6)/j*8/(-2)?
3
Let r(q) = -9*q + 3. Let l = 3 - -1. Let g(m) = -18*m + 6. Let z(b) = l*g(b) - 9*r(b). What is the units digit of z(2)?
5
Let b(l) = 2*l - 7. Let p(o) = -5*o + 20. Let r(s) = 8*b(s) + 3*p(s). Let h be r(-4). Suppose 2*f - 24 = -h*f. What is the units digit of f?
2
Let x(a) = a**3 - 11*a**2 - 9*a - 2. Suppose 0 = 7*h - 3*h - 48. Let l be x(h). Suppose -2*z + 4*g = -24, -l = -4*z + z + 5*g. What is the units digit of z?
8
What is the tens digit of (-236)/(-9) + (-2)/9?
2
Let m(h) = -h**2 - h - 1. Let j(a) = a**3 - 2*a**2 + 6*a - 4. Let c(g) = j(g) + 2*m(g). What is the units digit of c(4)?
0
Suppose 3*w - 11 = -2. What is the tens digit of (-1)/(-3) + 50/w?
1
Let n(b) = b**2 - 5*b. What is the tens digit of n(9)?
3
Let f(m) = m**2 - 10*m - 11. Let x be f(11). Suppose x*w - 60 = -3*w. What is the units d